 2*z**2 - 2*z. Let a(l) = k*w(l) + v*o(l). Determine a(-3).
-12
Let o(g) = -2*g + 3*g + 0*g - 2. Let k be (12/14)/(((-5871)/266)/(-103)). Determine o(k).
2
Let c(v) = -3*v**2 + v - 5. Let y(d) = d**3 + 38*d**2 - 166*d + 82. Let w be y(-42). What is c(w)?
-19
Let h(n) = 1 + 2*n - 2 + 0*n**2 - 2 + 5*n**2 - n**3. Let r be 26/65 + (-4)/10. Suppose 3*c = r, -4*t - c + 20 = -3*c. What is h(t)?
7
Let h(f) = -82*f**2 - f + 82 + 15*f**2 - 82. Determine h(1).
-68
Let x(m) = -m**2 + 2*m - 2. Suppose -r - 5 = -11. Suppose -r*g + g - 79 = -s, -2*g - 150 = -2*s. Let z = -72 + s. Calculate x(z).
-2
Let q(d) = 214 - 137 + 202 + 217 - 24*d + 51. Give q(23).
-5
Let n be (-1 - -2)/((-5)/(-20)). Suppose n*u - 231 = -w + 28, -3*w + 249 = 4*u. Let t = u + -64. Let j(a) = a**2 + 2*a - 1. What is j(t)?
7
Let b(r) be the first derivative of -2*r**3/3 + 14*r**2 - 32*r + 994. Calculate b(13).
-6
Let n(m) = -m**2 + 25*m + 233. Let v be (-55 - 9)*(3 - 49/14). What is n(v)?
9
Let v = 108 - 111. Let g be v/2*4/(-3). Let i(p) = -2*p + 6. Let j(c) = -c + 1. Let x(f) = i(f) - 5*j(f). Determine x(g).
7
Suppose -72 = 7*y - 9*y. Let q = y + -39. Let x(k) = 7 + 8 + 3*k + k**2 + 31 + 10 - 59. Give x(q).
-3
Let l(u) = u**2 - 4*u + 2. Let t(s) = -s - 7. Let o = 73 + -85. Let k be t(o). Determine l(k).
7
Let p(q) = -6 + 18 - 9*q + 3*q**2 + 34*q. Let o be p(-8). Suppose -g + 2 = v, 0*v = 3*v + o*g - 9. Let j(c) = -27*c. Calculate j(v).
27
Let c(g) = -2 - 3*g**2 + 2629*g + 2*g**2 - 2626*g - g**3. Calculate c(0).
-2
Suppose 4 = 2*w - w - 4*h, 5*w = h - 56. Let s(k) = -2*k**3 - 23*k**2 + 10*k - 13. Let y be s(w). Let z(g) = -g**2 + 12*g - 12. Determine z(y).
-1
Let p(v) = -119*v + 3 - 117*v + 355*v - 116*v. Suppose 2 = k - 2*k. Let y be k/4*3*2. Determine p(y).
-6
Let w be ((-18)/(-72) - 2/(-8))*0. Let a(s) be the second derivative of 21*s - 1/12*s**4 + w*s**2 + s**3 + 0. Determine a(3).
9
Let i(r) = -r**2 + 3*r - 5. Let d be (-9)/6 + (12 - 294/28). Determine i(d).
-5
Let j(o) = 3071*o + 3059*o + 3*o**2 - o**3 - 6 + 2*o**2 - 6125*o. Determine j(6).
-12
Let u = 141 - 135. Let o(r) be the first derivative of -4*r**3/3 + 2*r**2 + r - 3. Let y(q) = 5*q**2 - 5*q - 1. Let t(i) = u*o(i) + 5*y(i). What is t(-3)?
13
Let b(k) be the first derivative of 3*k**2/2 - 46*k - 1805. What is b(0)?
-46
Let b(y) = 3*y**2 + 1. Suppose 0 = -4*s - 3*f + 1677, -3*s - 2*f = 2*s - 2105. Let v = 426 - s. Determine b(v).
28
Suppose -836*w + 844*w - 104 = 0. Let z(g) = -g**2 + 5*g + 17. What is z(w)?
-87
Let v(n) = n**3 - 6*n**2 + 7*n + 8. Let j be ((-208)/572)/((-4)/44). Give v(j).
4
Let u(v) = -v**2 + 8*v + 25. Suppose -2*l = -3*o + 3*l - 24, 3*o = -3*l. Calculate u(o).
-8
Suppose -16*b + 15*b - 16 = 0. Suppose -11*d + 12*d = 11. Let p = b + d. Let m(z) = z**2 + 5*z + 5. What is m(p)?
5
Let i(s) be the third derivative of s**4/8 - 10*s**3/3 + s**2. Suppose -4*v = 5*o + 30, -2218*v + 2206*v = 4*o + 156. Calculate i(o).
-2
Suppose 1092 + 172 = 79*y. Let r(g) = g**3 - 16*g**2 + g + 23. Determine r(y).
39
Let u(j) be the first derivative of j**3/3 - 5*j**2/2 - 273*j + 2090. Calculate u(-14).
-7
Let s(u) be the second derivative of -2/3*u**4 - 7/2*u**2 + 1/20*u**5 + 0 + 4/3*u**3 + 69*u. Determine s(7).
0
Let j(n) = -n - 15. Let b be 20/18*126/28. Suppose -2*v = -b*s + 26, 0 = -6*v + 2*v - 2*s - 52. Calculate j(v).
-2
Let t(b) = 7*b + 19. Let l be t(-2). Suppose l*h - 2 + 23 = -j, 3*j + 4*h + 19 = 0. Let m(q) = 2*q + 2. Give m(j).
0
Let o(n) = -13*n + 20*n**2 - 6 + 2*n + n**3 + 21 - 9*n. What is o(-21)?
-6
Let f(d) = d**2 - 17*d + 64. Let g(k) = -9*k - 8. Let c be g(-2). Let p be f(c). Let u(w) = w**2 + 4*w + 5. Calculate u(p).
17
Let m(h) = -2*h**3 + 13*h**2 - 22*h + 37. Let w be m(5). Let p(b) be the third derivative of 5/6*b**3 - 9*b**w + 0*b - 1/24*b**4 + 0. What is p(-7)?
12
Let h = -21 - -44. Let w = -26 + h. Let s(j) = 6*j + 11. Let v be s(w). Let p(o) = o + 5. Calculate p(v).
-2
Suppose -5*q = 5, -988*x + q - 19 = -983*x. Let c(y) be the second derivative of y**4/12 + y**3 + 4*y**2 + y. Determine c(x).
0
Let s(w) = -w**2 - 11*w - 11. Let g(q) = -4*q - 32. Suppose 4*n + 12 = -0*n. Let z(h) = 4*h + 31. Let y(d) = n*z(d) - 2*g(d). Let f be y(-5). Calculate s(f).
7
Let n(b) = 18*b - 158. Let g be n(9). Suppose -5*x - 10 = -4*s, 3*s - 2*x - 8 = -4. Let l(h) = -3 + g*h - 13*h + s*h - 6*h. Determine l(-2).
27
Let q(d) be the second derivative of 15*d - 1/60*d**5 + 0*d**2 + 0*d**3 + 0 - 1/720*d**6 - 1/6*d**4. Let x(u) be the third derivative of q(u). Determine x(3).
-5
Let v(l) be the third derivative of 66*l**2 - l + 0 + 0*l**3 + 1/24*l**4. Let x = -25 + 20. Determine v(x).
-5
Let h(i) = -878*i + 435*i + i**3 + 68 + 27*i**2 + 9 + 496*i. What is h(-25)?
2
Suppose 2*y = -9*k + 11*k - 48, -y - 100 = -5*k. Let z = k - -59. Let u = z + -75. Let m(s) = -s**2 + 2*s + 2. Give m(u).
-1
Let v(b) be the second derivative of 13*b**3/6 + 27*b**2/2 + 3*b - 5. Let q be v(-2). Let o(u) = 30*u - 1. Give o(q).
29
Let u(z) = -z**3 + 5*z**2 - 4*z - 1. Suppose 18*d + 402 = -1146. Let s = d + 90. Determine u(s).
-1
Let l(y) = -2 - 12*y**2 + 8*y**2 - 5*y**2 + y**3 + 4*y + 3*y**3. Let z(u) = 7*u**3 - 17*u**2 + 8*u - 4. Let k(h) = 5*l(h) - 3*z(h). Determine k(5).
7
Let p = -514 + 578. Let i(d) = -p*d**2 + 5*d + d + 2*d + 63*d**2. Determine i(5).
15
Let w(c) = 50*c - 156*c + 278 + 86*c - 99. Give w(9).
-1
Let h(r) = -r**2 + 8*r - 3. Let p = 23 - 17. Let g be 10 + (p - 6) + 1*-1. Suppose g*l - 20 = 5*l. What is h(l)?
12
Let p(f) = 54*f**3 - 53*f**3 + 11*f**2 + 2 + 15 + 15 + 19 - 8*f. Give p(-12).
3
Let w(a) = -4*a + 4. Let j = 856 - 854. What is w(j)?
-4
Suppose 0 = -5*j + 5, -2*k + 8 - 2 = 4*j. Let h(f) = f**3 + f**2 - 9*f + 7. Let l be h(k). Let t(q) = q + 4. Give t(l).
4
Let i(v) = 2*v**3 - 17*v**2 - 7*v - 15. Let s(f) = -314*f + 7859. Let p be s(25). Give i(p).
3
Let h(z) be the first derivative of z**5/120 + z**4/6 + 41*z**3/3 - z - 136. Let o(d) be the third derivative of h(d). Calculate o(2).
6
Let h(f) = 2*f**3 + 21*f**2 - 33*f + 37. Let y be h(-12). Let u(p) be the first derivative of -9*p**2/2 + 4. Calculate u(y).
-9
Let d(p) = 2*p**2 + 7*p. Let q(x) be the third derivative of 0 - 1/20*x**5 + 0*x - 7/12*x**4 + 1/6*x**3 - 15*x**2. Let l(w) = 5*d(w) + 3*q(w). Determine l(3).
-9
Let h(g) = -115*g - 65. Let p(d) = 26*d + 16. Let s(c) = 2*h(c) + 9*p(c). What is s(6)?
38
Let r(b) = 66*b - 57. Let w be (-1 + 0)*3/27*-9. Calculate r(w).
9
Let c(r) be the third derivative of -125*r**2 + 0*r - 1/2*r**3 + 0 + 1/4*r**4 - 1/60*r**5. Suppose 5*y - 3 - 5 = 4*a, 2*a = -5*y + 26. Give c(a).
6
Suppose 3*c - 2 = -i, -2*i + 5*i + 22 = 5*c. Let f be 0/(-2 + c - 1). Suppose f = 5*u + 10, -3*u - 14 = -4*a - 4. Let l(z) = 6*z + 1. Calculate l(a).
7
Let n(z) = z**3 + 5*z**2 + 6. Let k be n(-5). Suppose -760 = -64*f + 56*f. Let x(u) = f*u - 6 - 289*u + 97*u + 96*u. Determine x(k).
-12
Let i(v) = -3*v**2 + 67*v - 18. Let w(p) = p**2 - 23*p + 3. Let j(y) = -4*i(y) - 11*w(y). Determine j(15).
39
Let f(y) be the second derivative of 11*y**7/420 - y**6/180 + y**4/24 - y**3/6 + 15*y**2 - 26*y + 2. Let u(a) be the second derivative of f(a). Give u(1).
21
Let o(v) = -31*v. Let p(d) = -d + 36. Let h(y) = 42*y**2 + 3*y - 2. Let u be h(-1). Let f be p(u). Calculate o(f).
31
Let f(w) = w**3 + 22*w**2 + 40*w - 1. Let q = -11461 - -11441. Calculate f(q).
-1
Let l = 605 + -601. Suppose 4*t + c - 2*c = -l, -t - 4*c = -16. Let u(h) = h**3 - h**2 - h + 3. Give u(t).
3
Let o(p) be the third derivative of 77*p**4/24 + 9*p**3/2 - 51*p**2. Let w(h) = -27*h - 9. Let x(k) = 6*o(k) + 17*w(k). What is x(-9)?
-18
Let y be (2 - -1 - 6) + 3. Let l(q) = -3*q + 1 + y*q**2 - q - q**2. Let c = -29585 + 29579. Calculate l(c).
-11
Let t be (-15)/(-5) - 1 - -4. Let l(h) = 3*h**3 + 6 + 4*h - 3*h**2 - t*h**3 - h + 2*h**3. Give l(-4).
10
Suppose 4*z = 4*a - 76, 4*a = 2*z - 0*a + 46. Let x = -7 - z. Let u be (2 + (-7)/6)/(x/48). Let r(p) = -3*p + 4. Give r(u).
-11
Let r = 9238 + -9245. Let x(g) = 9*g + 65. Determine x(r).
2
Let f(x) = 4*x**2 - 4*x - 39. Let b(r) = -10*r**2 + 7*r + 79. Let n(g) = -3*b(g) - 7*f(g). Let t(l) be the first derivative of n(l). Give t(-5).
-13
Let l(j) be the third derivative of j**6/240 + j**5/60 + j**4/24 - 5*j**3/6 - 38*j**2. Let w(o) be the second derivative of l(o)